What are the prime factors of 687899?
109, 6311
List the prime factors of 422114.
2, 7, 11, 2741
List the prime factors of 1222740.
2, 3, 5, 6793
List the prime factors of 542888.
2, 79, 859
What are the prime factors of 925011?
3, 79, 1301
What are the prime factors of 233729?
37, 6317
What are the prime factors of 210418?
2, 13, 8093
List the prime factors of 1720949.
1720949
What are the prime factors of 1076069?
1076069
What are the prime factors of 29886?
2, 3, 17, 293
List the prime factors of 665006.
2, 17, 19559
List the prime factors of 11923547.
2251, 5297
What are the prime factors of 11077871?
7, 32297
What are the prime factors of 6075116?
2, 1518779
List the prime factors of 4424944.
2, 347, 797
What are the prime factors of 1072192?
2, 11, 1523
List the prime factors of 269228.
2, 67307
List the prime factors of 790453.
29, 97, 281
What are the prime factors of 1907843?
7, 272549
List the prime factors of 6541558.
2, 31, 105509
List the prime factors of 1984893.
3, 751, 881
What are the prime factors of 1430990?
2, 5, 11, 13009
List the prime factors of 16950.
2, 3, 5, 113
What are the prime factors of 1874011?
163, 11497
List the prime factors of 2745977.
13, 211229
What are the prime factors of 4077031?
7, 582433
What are the prime factors of 5761082?
2, 29, 71, 1399
List the prime factors of 57980.
2, 5, 13, 223
List the prime factors of 2461199.
13, 83, 2281
List the prime factors of 314669.
419, 751
What are the prime factors of 261901?
23, 59, 193
What are the prime factors of 4153646?
2, 7, 227, 1307
List the prime factors of 604823.
604823
What are the prime factors of 6804326?
2, 983, 3461
What are the prime factors of 440145?
3, 5, 9781
List the prime factors of 20157519.
3, 1889, 3557
What are the prime factors of 2083821?
3, 59, 61, 193
What are the prime factors of 14687138?
2, 197, 37277
What are the prime factors of 937017?
3, 104113
What are the prime factors of 18309231?
3, 2034359
What are the prime factors of 22179277?
22179277
List the prime factors of 4575286.
2, 43, 53201
What are the prime factors of 4013896?
2, 179, 2803
List the prime factors of 1114040.
2, 5, 27851
What are the prime factors of 127651?
107, 1193
List the prime factors of 735489.
3, 71, 1151
What are the prime factors of 40479?
3, 103, 131
List the prime factors of 12561206.
2, 7, 897229
List the prime factors of 171043.
171043
List the prime factors of 4012761.
3, 37, 36151
List the prime factors of 10371068.
2, 23, 139, 811
List the prime factors of 194258.
2, 23, 41, 103
List the prime factors of 136362.
2, 3, 22727
What are the prime factors of 14216333?
14216333
List the prime factors of 389893.
7, 73, 109
List the prime factors of 700206.
2, 3, 13, 47, 191
What are the prime factors of 4522160?
2, 5, 56527
List the prime factors of 681322.
2, 340661
List the prime factors of 276901.
276901
What are the prime factors of 22342406?
2, 11171203
List the prime factors of 2522619.
3, 11, 83, 307
List the prime factors of 409212.
2, 3, 421
What are the prime factors of 76612?
2, 107, 179
What are the prime factors of 229501?
19, 47, 257
List the prime factors of 9943936.
2, 77687
List the prime factors of 3546218.
2, 13, 136393
List the prime factors of 6891301.
1669, 4129
What are the prime factors of 113961?
3, 37987
List the prime factors of 136745.
5, 7, 3907
What are the prime factors of 5140662?
2, 3, 41, 20897
List the prime factors of 621391.
23, 27017
What are the prime factors of 5234849?
5234849
List the prime factors of 62624.
2, 19, 103
List the prime factors of 27028169.
7, 3861167
What are the prime factors of 334618?
2, 167309
What are the prime factors of 690513?
3, 337, 683
What are the prime factors of 1394388?
2, 3, 12911
What are the prime factors of 19839250?
2, 5, 79357
What are the prime factors of 603064?
2, 7, 11, 89
What are the prime factors of 342731?
37, 59, 157
What are the prime factors of 152835?
3, 5, 23, 443
List the prime factors of 4220973.
3, 53, 8849
What are the prime factors of 8388277?
8388277
What are the prime factors of 9194?
2, 4597
List the prime factors of 857756.
2, 214439
List the prime factors of 29225430.
2, 3, 5, 13, 24979
List the prime factors of 1920589.
11, 174599
What are the prime factors of 2656262?
2, 7, 189733
List the prime factors of 1553856.
2, 3, 8093
What are the prime factors of 1546754?
2, 11, 167, 421
What are the prime factors of 4078261?
11, 229, 1619
List the prime factors of 310702.
2, 7, 22193
List the prime factors of 3614816.
2, 83, 1361
List the prime factors of 21148697.
17, 1244041
What are the prime factors of 470446?
2, 71, 3313
List the prime factors of 13607163.
3, 503969
What are the prime factors of 1151321?
41, 28081
List the prime factors of 265263.
3, 29, 3049
What are the prime factors of 4386286?
2, 457, 4799
List the prime factors of 464283.
3, 79, 653
What are the prime factors of 6669633?
3, 2223211
List the prime factors of 47662.
2, 23831
List the prime factors of 239408.
2, 13, 1151
What are the prime factors of 39528138?
2, 3, 13, 659, 769
What are the prime factors of 184213?
41, 4493
What are the prime factors of 195313?
17, 11489
List the prime factors of 409702.
2, 127, 1613
List the prime factors of 332740.
2, 5, 127, 131
What are the prime factors of 5328321?
3, 661, 2687
What are the prime factors of 1897939?
1897939
What are the prime factors of 5861895?
3, 5, 13, 23, 1307
What are the prime factors of 773453?
773453
What are the prime factors of 266204?
2, 61, 1091
List the prime factors of 329345.
5, 199, 331
List the prime factors of 297363.
3, 11, 9011
What are the prime factors of 3856335?
3, 5, 7, 19, 1933
What are the prime factors of 1205257?
1205257
What are the prime factors of 7063584?
2, 3, 11, 6689
What are the prime factors of 30895971?
3, 293, 35149
List the prime factors of 7656960.
2, 3, 5, 997
What are the prime factors of 227308?
2, 56827
List the prime factors of 4951.
4951
What are the prime factors of 3324976?
2, 207811
What are the prime factors of 4608722?
2, 967, 2383
List the prime factors of 7879526.
2, 89, 44267
List the prime factors of 57708.
2, 3, 7, 229
List the prime factors of 135194.
2, 23, 2939
What are the prime factors of 94778?
2, 47389
List the prime factors of 354979.
354979
What are the prime factors of 135079?
7, 23, 839
What are the prime factors of 306539?
317, 967
What are the prime factors of 5152209?
3, 991, 1733
What are the prime factors of 198077?
11, 1637
What are the prime factors of 284128?
2, 13, 683
What are the prime factors of 8408?
2, 1051
What are the prime factors of 221843?
163, 1361
What are the prime factors of 2847411?
3, 7, 45197
List the prime factors of 1420309.
11, 129119
What are the prime factors of 296779?
7, 42397
What are the prime factors of 1628264?
2, 11, 18503
List the prime factors of 10384937.
23, 451519
List the prime factors of 1338115.
5, 31, 89, 97
List the prime factors of 3348630.
2, 3, 5, 29, 1283
List the prime factors of 883766.
2, 13, 19, 1789
What are the prime factors of 118117?
29, 4073
List the prime factors of 4559549.
71, 149, 431
List the prime factors of 504239.
601, 839
What are the prime factors of 32055470?
2, 5, 19, 168713
What are the prime factors of 1547272?
2, 17, 31, 367
List the prime factors of 272546.
2, 136273
List the prime factors of 3378044.
2, 844511
What are the prime factors of 415512?
2, 3, 29, 199
What are the prime factors of 219862?
2, 211, 521
What are the prime factors of 8396394?
2, 3, 1399399
List the prime factors of 1056941.
17, 79, 787
What are the prime factors of 9090423?
3, 541, 1867
What are the prime factors of 2236923?
3, 13, 6373
List the prime factors of 164800.
2, 5, 103
List the prime factors of 894760.
2, 5, 22369
List the prime factors of 373946.
2, 181, 1033
What are the prime factors of 10251542?
2, 7, 97, 7549
List the prime factors of 1466303.
1466303
List the prime factors of 54536.
2, 17, 401
List the prime factors of 53169.
3, 37, 479
What are the prime factors of 7977444?
2, 3, 229, 2903
What are the prime factors of 208684?
2, 7, 29, 257
List the prime factors of 647301.
3, 215767
What are the prime factors of 3566?
2, 1783
List the prime factors of 5024175.
3, 5, 13, 5153
List the p